012 + 22?
121222000111
In base 11, what is -4a4 - -14098?
136a4
In base 8, what is -16 - -624022?
624004
In base 9, what is -502410 + -188?
-502608
In base 11, what is -110816 - -627?
-11019a
In base 10, what is 73609 + -2522?
71087
In base 8, what is -247411341 - 3?
-247411344
In base 16, what is cc + -1f0e8?
-1f01c
In base 15, what is -25b0c + 1e53?
-23ba9
In base 9, what is 28123 - -737?
28861
In base 12, what is -1751 + -107a8?
-12339
In base 13, what is -332 + -3374?
-36a6
In base 11, what is 13a + -32267?
-32128
In base 14, what is -7 - 2443069a?
-244306a3
In base 5, what is -33234340042 - -11?
-33234340031
In base 10, what is -60274 + -740?
-61014
In base 7, what is -6141 + -2205?
-11346
In base 4, what is -101100 - 3031?
-110131
In base 11, what is -4 - -4269879?
4269875
In base 14, what is 6 - -c290a45?
c290a4b
In base 10, what is 535011101 - -2?
535011103
In base 4, what is -203123320 - 201?
-203130121
In base 10, what is 86 + -2176451?
-2176365
In base 10, what is 6256 + 1371?
7627
In base 13, what is -b + -17816996?
-178169a4
In base 13, what is -5 - 522313?
-522318
In base 9, what is -8308 + 2041?
-6257
In base 5, what is 41221101044 + -4?
41221101040
In base 7, what is -412 - 3021?
-3433
In base 6, what is 344011402 + 0?
344011402
In base 2, what is 11 - -111111010111100001000001011?
111111010111100001000001110
In base 14, what is -d6 + -5049d?
-50595
In base 8, what is -233260 - -77?
-233161
In base 9, what is -456 + -11074?
-11541
In base 6, what is -11405 + 13334323?
13322514
In base 12, what is 1 + -57b14937?
-57b14936
In base 3, what is 120 - 10020002200001?
-10020002122111
In base 14, what is -116 - 113b3a?
-113c52
In base 14, what is 3937a0 - -5?
3937a5
In base 15, what is 35b9 - 3e3c?
-873
In base 16, what is 3b50575 + 5?
3b5057a
In base 15, what is cc1c + -a8c?
c180
In base 10, what is 184032 - -15?
184047
In base 5, what is -124 - 11203001423?
-11203002102
In base 7, what is 15344 - 53611?
-35234
In base 15, what is 94476b + -3?
944768
In base 15, what is -29b8a - 6c?
-29c07
In base 14, what is -61 + 84630?
845ad
In base 13, what is -14419 + 4b9?
-13c30
In base 8, what is 43574056 - -2?
43574060
In base 9, what is -143 + -3060272?
-3060425
In base 12, what is 450 - 5208?
-4978
In base 4, what is -13 - 22300021333011?
-22300021333030
In base 15, what is 58c - 4978?
-43db
In base 9, what is -41586170 - -13?
-41586156
In base 13, what is -c937 - -9c?
-c868
In base 11, what is 4 + 3219905?
3219909
In base 12, what is 6 - -93682?
93688
In base 10, what is -3 - -79986?
79983
In base 4, what is 203330 - -21131232?
22001222
In base 5, what is -2321313323 - -4?
-2321313314
In base 4, what is 12202131210 - 2303?
12202122301
In base 13, what is -5 + 2a15429?
2a15424
In base 8, what is 13 + -151302231?
-151302216
In base 4, what is -101203 + 21231031?
21123222
In base 14, what is 78d67 + 3ad?
79336
In base 16, what is -8 - -47ba20?
47ba18
In base 14, what is 4b + -3709c?
-37051
In base 5, what is 44304 + -34322?
4432
In base 12, what is -337 - -61716b?
616a34
In base 2, what is 1000111101 + -11000101100011?
-10111100100110
In base 16, what is -c - -139767?
13975b
In base 12, what is 4 + -4aa27241?
-4aa27239
In base 16, what is -cd3 - 2036?
-2d09
In base 7, what is -61 + -63025306?
-63025400
In base 3, what is 120110102222102 + 200?
120110110000002
In base 10, what is -102256 + 192?
-102064
In base 8, what is -40 - -31104?
31044
In base 16, what is 1 + -d35b83c?
-d35b83b
In base 13, what is -319b08 + -1c?
-319b27
In base 15, what is 0 - -103489?
103489
In base 4, what is -11131033300 + 10?
-11131033230
In base 9, what is 1721643 - -22?
1721665
In base 14, what is -b - 61c66b5?
-61c66c2
In base 4, what is 2132323 + 232311?
3031300
In base 3, what is 211102 + -1020212021122?
-1020211110020
In base 13, what is 3 + 5193866?
5193869
In base 14, what is -241d627b2 + 5?
-241d627ab
In base 4, what is -1032323321210031 - -10?
-1032323321210021
In base 12, what is -1a85a + -909?
-1b567
In base 6, what is -34433035 + 10?
-34433025
In base 10, what is -539667 + -14?
-539681
In base 11, what is -5 - -1758606?
1758601
In base 8, what is -3 - -1164755?
1164752
In base 13, what is -4 - 34997c7?
-34997cb
In base 11, what is 16760153 + -1?
16760152
In base 9, what is 3 - 21300060?
-21300056
In base 3, what is 1121220 - 212011201122?
-212010002202
In base 3, what is -1012222 + -2200021202100?
-2200022222022
In base 13, what is 2 - 1a1b3185?
-1a1b3183
In base 13, what is 14ab70 + -c?
14ab61
In base 5, what is 1120423344 + 132?
1120424031
In base 5, what is 10124434 + -10?
10124424
In base 14, what is -14402c + 6?
-144026
In base 5, what is -211020 - 104121?
-320141
In base 13, what is -19b7 - -1939?
-7b
In base 2, what is 10001101110010111 + -101100111?
10001101000110000
In base 13, what is 22c14a3 + -b?
22c1495
In base 13, what is 5 + -a67a7ba?
-a67a7b5
In base 13, what is -34530 - -5?
-34528
In base 2, what is 11 - 1001111011110111100100?
-1001111011110111100001
In base 4, what is -123200112020221 + 10?
-123200112020211
In base 4, what is 13103 - 1203232?
-1130123
In base 5, what is 124433 + -134423?
-4440
In base 8, what is -4 - -147104726?
147104722
In base 10, what is -323214 - 4?
-323218
In base 4, what is -321112010 - 1020120?
-322132130
In base 6, what is 244545003 - -24?
244545031
In base 6, what is -10001 + 112231?
102230
In base 7, what is 322535 + 5?
322543
In base 8, what is 1714360111 - -5?
1714360116
In base 15, what is 5d126c5 + -1?
5d126c4
In base 2, what is -11110011011010110 - -10110010001?
-11110000101000101
In base 13, what is -11 + -4165b4?
-4165c5
In base 4, what is -1221133100021020 - 2?
-1221133100021022
In base 15, what is 1ea3b - e5?
1e946
In base 13, what is 3acab163 - -3?
3acab166
In base 8, what is 2 - 12430070?
-12430066
In base 14, what is -13 + -749c807?
-749c81a
In base 4, what is -13223023 - -302201?
-12320222
In base 14, what is 0 + -40c3b?
-40c3b
In base 12, what is -a470 - 17?
-a487
In base 9, what is 147 + 123726?
123874
In base 12, what is -350 - -113908?
113578
In base 5, what is 33 + -10042203441?
-10042203403
In base 8, what is 4 + -26154251?
-26154245
In base 14, what is -146851bb + 8?
-146851b3
In base 9, what is -510 - 6674?
-7284
In base 5, what is -3 - 20040323414?
-20040323422
In base 15, what is -8dc - 66c6?
-70b3
In base 12, what is -17933 + -15564?
-31297
In base 10, what is -51682230 - 3?
-51682233
In base 14, what is 2 - 2142c3a?
-2142c38
In base 9, what is -1170 - -14612?
13432
In base 3, what is 212020 + -101012101102?
-101011112012
In base 3, what is -10 + 102010020022001?
102010020021221
In base 15, what is 1164 - 1cb77?
-1ba13
In base 7, what is -4 + 451366014?
451366010
In base 10, what is -76814 - -5212?
-71602
In base 16, what is -4273cb3 + -3?
-4273cb6
In base 16, what is -3b4 + 3e?
-376
In base 12, what is 2 + -16876675?
-16876673
In base 16, what is -195 - -a6ea?
a555
In base 7, what is 3 + 30333366?
30333402
In base 4, what is 222011310311 + 12?
222011310323
In base 3, what is -1110 - -1221201110122?
1221201102012
In base 2, what is 100 - -11111111111100111000101111?
11111111111100111000110011
In base 10, what is 56 - 2020081?
-2020025
In base 11, what is 10 - 237517a6?
-23751796
In base 10, what is 1196872 - 7?
1196865
In base 2, what is 100 - 111100010101101000000?
-111100010101100111100
In base 8, what is 2 + 57756752?
57756754
In base 11, what is 902 - 212944?
-212042
In base 15, what is -365e44a - -3?
-365e447
In base 7, what is -1563316 + 54?
-1563232
In base 4, what is 133100332330 + 11?
133100333001
In base 9, what is -17461 - 3438?
-22010
In base 2, what is 100011010110100 - 1111011110?
100001011010110
In base 16, what is -1f038 - b3?
-1f0eb
In base 12, what is 443 + -166025?
-1657a2
In base 10, what is -20924 + -789?
-21713
In base 2, what is -101000110101 - -10010011011110110101?
10010010110110000000
In base 5, what is -43 + -10134303?
-10134401
In base 3, what is -102001112202021 - 21?
-102001112202112
In base 2, what is 10000 + 1011100110000100101?
1011100110000110101
In base 14, what is 30d96 + 2509?
334a1
In base 6, what is 245512 - -13544?
303500
In base 9, what is 273302286 + -2?
273302284
In base 13, what is 22b4 - 247?
206a
In base 9, what is 11507 + -14253?
-2645